3*b - 273 = 0. What are the prime factors of g?
2, 3
Let t be ((-16)/16)/(2/(-42)). Let s = t + -11. List the prime factors of s.
2, 5
Let z(l) = -29*l. Let p(a) = 1972*a. Let t(n) = -3*p(n) - 203*z(n). What are the prime factors of t(-1)?
29
Let i = -4 + 4. Suppose -3 = c + 2*m, i = 4*c - 5*m + 3*m - 28. List the prime factors of c.
5
Suppose 5*s - 2*m = 39 - 8, 2*s = -4*m - 2. Suppose 0 = s*h - 473 - 277. List the prime factors of h/12 - (-1)/(-2).
2, 3
List the prime factors of 3*(-1)/(-18) - (-2463)/18.
137
Suppose w + 4 = 3*w. Suppose k + 0*k = 5*y + 18, -w*y - 41 = -3*k. List the prime factors of k.
13
Let s(c) = -4 + 0 + 6*c - 9*c. What are the prime factors of s(-8)?
2, 5
Suppose -z = 5*y - 228, 0 = 2*y + 3*z - 5 - 81. What are the prime factors of y?
2, 23
Let b be (-525)/(-6) + 2/4. Let c = 143 - b. List the prime factors of c.
5, 11
Let i(x) = 12*x - 2. Let y(l) = 6*l - 1. Let r(t) = -4*i(t) + 7*y(t). What are the prime factors of r(-4)?
5
Let q(g) = 7 - g**3 - 2*g - 7. What are the prime factors of q(-2)?
2, 3
Let x = -203 - -334. What are the prime factors of x?
131
Suppose 3*o + o = 5*i - 2225, -878 = -2*i + 4*o. List the prime factors of i.
449
Suppose p + 5*z = -2*p + 397, -5*p + z = -615. What are the prime factors of p?
2, 31
Suppose 2*l - 47 + 19 = 0. Suppose 0 = -3*b + l - 2. Suppose d + 51 = b*d. What are the prime factors of d?
17
Let k be 12/(-8)*(-8)/6. Let c be (4 - -1)*(k - 1). Suppose 4*s - c*b - 37 = 3*s, 42 = 2*s - 2*b. What are the prime factors of s?
17
Let x = -9 - -18. Suppose x = 4*w - 3*w. List the prime factors of w.
3
Let d(s) be the second derivative of 5/6*s**3 - 9/2*s**2 + 0 + 3*s. What are the prime factors of d(6)?
3, 7
Suppose -2*k = 10 + 6. What are the prime factors of (-5 + -1)/(6/k)?
2
Let l be 48/(-10) + 1/(-5). Let s(i) = i**2 + 2*i - 7. Let t be s(l). Suppose z + t = 4*m, -4*z + 23 + 5 = 4*m. What are the prime factors of z?
2
Let c = -87 + 132. Let q be (c/(-12))/(2/(-32)). Suppose -6 = -2*r - 2*k, -2*k = -5*r + 2*k + q. What are the prime factors of r?
2
Suppose 4*m - 5*s - 303 = 0, 0 = -4*m - s - 0*s + 333. What are the prime factors of m?
2, 41
Suppose 0 + 6 = 3*z. Suppose 17 - z = a + 5*t, 4*a - 84 = 4*t. List the prime factors of a.
2, 5
Let s = -3 + 2. What are the prime factors of s/4 + 365/20?
2, 3
Let t(x) = 129*x**3 - 2*x**2 + 5*x - 3. What are the prime factors of t(1)?
3, 43
Let v = -42 - -63. Suppose 2*f + f = v. What are the prime factors of f?
7
Suppose 7*i - 11 = 535. List the prime factors of i.
2, 3, 13
Let v(q) = -q**2 - 12*q - 12. Let y = -22 + 12. List the prime factors of v(y).
2
Let l = -8 + 15. What are the prime factors of l?
7
Let m be (-2 - 0)*320/(-2). What are the prime factors of m/(-30)*(-3)/2?
2
Suppose 4*z + 2*a = -0*z + 90, 4*z = -4*a + 88. List the prime factors of z.
23
Let x(s) = 7*s + 6. Let o be x(3). Let g = o + -19. What are the prime factors of g?
2
Let b = 7 + 12. List the prime factors of b.
19
Let l = -5 - -9. Suppose 2*o = -10, 3*f + 3*o = l*f - 25. What are the prime factors of f?
2, 5
Suppose -4*h = 4*d - 8, -2*h - 3*h + 2*d = -17. Suppose h*a = 6*a. Suppose a = -x + 2 + 5. List the prime factors of x.
7
Let s(t) = t**3 + 3*t**2 - 3*t + 1. Let l be s(-4). Let p(m) = -13*m - 9. List the prime factors of p(l).
2, 3, 5
Let n be (1 + 1 + -1)*-7. List the prime factors of -2 + (3 - n) + 1.
3
Suppose 3*x - 72 = 105. List the prime factors of x.
59
Suppose y - 42 = -12. Suppose -2*a - y = -4*a. What are the prime factors of ((-3)/5)/((-3)/a)?
3
Suppose -2*k + 0*k + 12 = 0. Suppose -2*q + k*c + 31 = c, -2*q = -3*c - 37. What are the prime factors of q?
23
Let w = -9 - -13. Suppose w*r - 23 = 5*n + 55, 5*r = n + 87. What are the prime factors of r?
17
Let r = 73 + 85. List the prime factors of r.
2, 79
Let a(z) = -z**2 - 8*z - 3. What are the prime factors of a(-7)?
2
Let i = -1 - -25. Let w(n) = -43*n**3 - n**2 - n - 1. Let v be w(-1). Let p = v - i. List the prime factors of p.
2, 3
Let g(p) = -p**2 + p + 4. Let u be g(0). Let m = 10 + u. List the prime factors of m.
2, 7
List the prime factors of 148/10 + 12/(-15).
2, 7
Suppose 27 = -5*k + 4*v + 81, k = -2*v + 8. Suppose k - 25 = -5*l. Suppose 2*s + 2*s - 16 = -3*c, 0 = l*s + 2*c - 13. List the prime factors of s.
7
Let x(g) be the second derivative of -43*g**5/20 - g**4/12 - 8*g. What are the prime factors of x(-1)?
2, 3, 7
Let m = 0 + -2. List the prime factors of 7*m*(-2)/4.
7
List the prime factors of 4/((-4)/3) - -20.
17
Suppose 3*i = -3*v + 54, -2*i + 6*v + 26 = 3*v. Let a = 28 - i. What are the prime factors of a?
2, 3
Let c be 5 + (3 - 1) - 2. Let a = 0 + c. Suppose 0 = -a*v + 5 - 0, -39 = -4*f + v. List the prime factors of f.
2, 5
Let t = -5 - -20. What are the prime factors of t?
3, 5
Let p = 0 - -3. Suppose -p*u + 24 = -2*l, 3*u + 2*l + 4 = 4*u. List the prime factors of u.
2, 5
Let w(q) = q + 1. Let d(c) = -5*c - 8. Let s(u) = -d(u) - 4*w(u). Let f be s(0). Suppose -16 = -f*h + 4. What are the prime factors of h?
5
Let a(h) = 2*h**2 + 8*h + 4. Let c = -21 - -14. What are the prime factors of a(c)?
2, 23
Let x(p) = p**2 - p + 2. Let g be x(7). Suppose -23 = -3*v - 5*j + 21, -j + g = 5*v. Suppose -3*b = -b - v. What are the prime factors of b?
2
Let k(m) = -m - 2. Let c(z) = 13*z**3 + z**2. Let l be c(1). Suppose x - 5*s = -l, -2*x - 4*s = -0*s. What are the prime factors of k(x)?
2
Suppose -5*v - r - 17 = -214, -2*v - 2*r = -74. Let d = v - 12. List the prime factors of d.
2, 7
Let g(c) = 3*c**3 + 2*c**3 + 1 + 8*c**2 - 5*c - 6*c**3. List the prime factors of g(4).
3, 5
Let f(a) be the first derivative of a**4/4 - 2*a**3/3 + a**2/2 - 1. Let k be f(1). Suppose -5*u = 4*s - 76, -3*u + k*s + 28 = -2*s. List the prime factors of u.
2, 3
Let a be 12/(-20) - (-1131)/(-15). Let y = -20 - a. What are the prime factors of y?
2, 7
Suppose 2*t = 4*a + 16, t + a - 4*a - 11 = 0. Let i be 0 + (t - (-1 - -2)). Suppose n - 1 = i. What are the prime factors of n?
2
Suppose -2*p + 3 = -w, 0*p - 12 = -p + 4*w. Let c = p + 5. Suppose 5*k + 5 = -c*i, -2*k - 11 = -i - 3. What are the prime factors of i?
2
Let s = 16 - -26. Suppose 3*o - 48 = s. List the prime factors of o.
2, 3, 5
Let h = -16 - -26. List the prime factors of h.
2, 5
Suppose 2*p = 5*p + 156. Let g be (-3)/6 - p/(-8). Let h = g - -18. List the prime factors of h.
11
Let n be 12/(-42) + 2/7. Let k(d) = -d**3 + 2. List the prime factors of k(n).
2
Let t = -3 + 5. Let l = t - -1. List the prime factors of l.
3
Suppose -8*j = -998 + 102. List the prime factors of j.
2, 7
Suppose 10 = 3*x - 5. Suppose -2*r = -5*g + 16, -x*g + 2*g + 6 = -3*r. What are the prime factors of -1 + 1 + 3*r?
2, 3
Let h = 13 - 6. Let u = h + -5. What are the prime factors of (4/(-12))/(u/(-18))?
3
Let q(p) = p**3 + 5*p**2 - 4*p - 6. Let l be q(-6). Let t = l - -2. Let v = -4 - t. List the prime factors of v.
2, 3
Let a(i) = -51*i**3 + i + 1. List the prime factors of a(-1).
3, 17
Let g = -34 + 61. Let p be (8/(-6))/((-34)/(-357)). Let l = p + g. What are the prime factors of l?
13
Let n(j) = j**3 - 6*j**2 + 8*j - 21. List the prime factors of n(7).
2, 3, 7
Suppose 0*b - 396 = 4*b. Let f = 140 + b. List the prime factors of f.
41
Let r = 6 - 2. Suppose -a = -2 - r. What are the prime factors of 3/a*10*1?
5
Let j(a) = -a**3 + 5*a**2 + 9*a - 4. Let n be j(6). Suppose -n = -2*h + 3*f + 12, -5*h + 47 = -3*f. List the prime factors of h.
7
Let b be (-1 - -3) + (-12)/3. Let a(o) = -15*o. Let i be a(b). Suppose -f - i = -4*f. List the prime factors of f.
2, 5
Let u(i) = -i**3 - 5*i**2 + 6*i + 2. Let v be u(-6). Let h(f) = 1 + 1 + f**2 + 6*f + v*f. What are the prime factors of h(-8)?
2
Let b = -11 - -3. Let q = -4 - b. List the prime factors of q.
2
Suppose -2*i + 5 = 17. Let s(r) = -r**2 - 10*r + 8. List the prime factors of s(i).
2
Let o = -31 + 62. What are the prime factors of o?
31
Let k(c) be the first derivative of c**3/3 - 4*c**2 - 2*c - 1. Let w(q) be the first derivative of k(q). List the prime factors of w(10).
2, 3
Suppose -6 - 1 = -4*c + m, 0 = -c + 4*m - 17. Suppose 10 = c*u - 5. Suppose -4*g = 2*r, 3*g + 2*g = -u*r - 10. List the prime factors of g.
2
Let p = -6 + 9. Suppose -40 = -2*i + 4*c, p*i - c - 2 - 78 = 0. What are the prime factors of i?
2, 7
Let l = 484 + 